3030 and 107310.
2190
What is the greatest common factor of 8554062 and 198?
66
What is the greatest common divisor of 1474 and 373241?
11
What is the highest common factor of 9420474 and 7625?
61
Calculate the highest common factor of 7600 and 13224784.
16
What is the highest common divisor of 212 and 134993332?
212
Calculate the highest common factor of 540507717 and 18.
9
What is the greatest common factor of 25005 and 10500?
15
Calculate the greatest common divisor of 6785024 and 896.
128
What is the highest common divisor of 89932788 and 2482?
2482
Calculate the greatest common factor of 82167 and 2312937.
183
What is the highest common factor of 2953076 and 640?
4
What is the highest common divisor of 364325 and 700?
25
Calculate the highest common divisor of 620703 and 461202.
237
What is the highest common divisor of 28 and 17939308?
4
What is the greatest common factor of 109241 and 69245?
11
Calculate the highest common divisor of 396 and 4267032.
132
What is the greatest common divisor of 744012 and 374994?
1494
What is the highest common factor of 77 and 7309162?
7
What is the highest common factor of 70364442 and 18?
6
What is the highest common factor of 505431 and 1143027?
801
What is the highest common factor of 26163 and 13092273?
1539
What is the greatest common factor of 861952 and 6609421?
3367
What is the highest common factor of 183802 and 201202?
58
Calculate the greatest common factor of 4940 and 8755.
5
What is the greatest common factor of 2225 and 659846?
89
Calculate the greatest common divisor of 293986 and 5698.
154
What is the greatest common factor of 20 and 261687490?
10
What is the highest common factor of 3626656 and 2832?
16
Calculate the highest common factor of 312809081 and 13.
13
Calculate the highest common divisor of 19 and 86788067.
19
Calculate the greatest common factor of 175613 and 315173.
1163
What is the highest common divisor of 558 and 44619633?
279
Calculate the greatest common divisor of 423405 and 42030585.
4365
What is the greatest common factor of 2070 and 41860380?
30
What is the greatest common divisor of 6 and 102873930?
6
What is the highest common factor of 479920 and 18674030?
8570
What is the highest common factor of 44 and 703078772?
44
Calculate the highest common factor of 32413451 and 2762.
1381
What is the greatest common factor of 224317629 and 18?
9
What is the greatest common divisor of 4872 and 57496299?
609
What is the highest common divisor of 10 and 80364170?
10
Calculate the highest common factor of 19185680 and 345.
115
What is the highest common divisor of 16023 and 1338411?
327
What is the greatest common divisor of 24 and 3605088?
24
What is the greatest common divisor of 21879 and 434840263?
2431
Calculate the highest common factor of 196 and 101953957.
49
What is the greatest common divisor of 1724041 and 418?
209
What is the greatest common divisor of 9 and 451632?
3
What is the greatest common factor of 74 and 8083501?
37
What is the greatest common divisor of 544 and 20699488?
32
What is the greatest common divisor of 112176 and 409754?
1558
Calculate the highest common factor of 11740414 and 1596.
14
What is the highest common factor of 5367360 and 288?
96
What is the highest common factor of 230152 and 10049?
13
What is the highest common divisor of 789666075 and 225?
225
Calculate the greatest common divisor of 553321 and 139945.
2153
What is the highest common factor of 1006 and 1737272466?
1006
Calculate the highest common factor of 1170 and 78714810.
90
Calculate the greatest common divisor of 2219 and 5272344.
2219
Calculate the highest common divisor of 44 and 6120224.
44
What is the highest common factor of 5 and 545064185?
5
What is the greatest common factor of 32 and 100127424?
32
What is the highest common divisor of 244 and 1147728?
4
What is the highest common factor of 2271986 and 92?
46
Calculate the greatest common divisor of 180607300 and 140.
20
What is the greatest common factor of 172343936 and 1152?
128
What is the greatest common divisor of 12463 and 3263612?
121
Calculate the highest common factor of 744 and 7605000.
24
Calculate the highest common factor of 3 and 127010469.
3
What is the highest common divisor of 394932160 and 98?
98
Calculate the greatest common divisor of 22173 and 252072.
1167
Calculate the highest common divisor of 698184 and 14004.
36
Calculate the highest common divisor of 28000 and 23848000.
4000
Calculate the highest common divisor of 1907550 and 14209128.
8478
Calculate the greatest common factor of 8074560 and 28860.
780
What is the highest common divisor of 3681898 and 83182?
4378
What is the highest common divisor of 100 and 463898640?
20
What is the highest common factor of 16 and 356862?
2
Calculate the highest common factor of 10766 and 4167980.
1538
What is the highest common factor of 6270 and 1736130?
330
What is the highest common divisor of 2850634 and 244718?
6614
Calculate the greatest common divisor of 288688 and 224.
16
What is the highest common factor of 4982847 and 8589?
1227
Calculate the greatest common divisor of 3482651 and 53590.
233
Calculate the greatest common divisor of 119 and 1503191.
17
What is the highest common divisor of 69 and 12624975?
3
What is the highest common factor of 678447 and 23507?
11
What is the greatest common divisor of 43617 and 378483?
1407
What is the greatest common divisor of 670545 and 305775?
135
Calculate the highest common divisor of 3683290 and 15718.
58
What is the highest common factor of 157752253 and 177?
59
What is the highest common divisor of 24 and 61051312?
8
Calculate the greatest common factor of 234909875 and 5.
5
Calculate the highest common divisor of 3570765 and 1463.
209
Calculate the highest common divisor of 141 and 2631483.
141
What is the greatest common factor of 2507180 and 5850?
130
What is the highest common divisor of 249697567 and 10078?
5039
What is the greatest common divisor of 509475 and 205?
5
What is the greatest common factor of 2374 and 71218813?
1187
Calculate the greatest common divisor of 6822448 and 5770.
1154
Calculate the highest common divisor of 82937 and 10441.
197
What is the highest common factor of 40593 and 146811?
21
What is the highest common divisor of 609 and 723579?
87
What is the greatest common factor of 594 and 182965824?
54
What is the greatest common divisor of 48209528 and 24?
8
Calculate the greatest common divisor of 1472 and 1268886816.
736
Calculate the greatest common factor of 96866 and 5345242.
8806
Calculate the highest common factor of 14101483 and 22.
11
What is the highest common divisor of 10928 and 80318068?
2732
What is the highest common factor of 17483739 and 43131?
3921
Calculate the greatest common factor of 196029 and 2691.
207
Calculate the highest common factor of 224 and 24254832.
112
Calculate the highest common divisor of 21 and 729071.
7
What is the highest common divisor of 110 and 2026669370?
110
Calculate the greatest common divisor of 126294 and 672.
42
What is the highest common divisor of 2730 and 1573?
13
Calculate the highest common divisor of 9189628 and 574.
14
What is the highest common factor of 196 and 2120834660?
196
Calculate the highest common divisor of 1998 and 349893.
27
Calculate the greatest common factor of 2521883 and 1476707.
3959
What is the greatest common factor of 542222002 and 1204?
602
What is the greatest common factor of 1052710072 and 1304?
1304
What is the highest common divisor of 6444 and 5718692?
716
Calculate the highest common factor of 3000 and 190069500.
1500
What is the greatest common factor of 130017390 and 138?
138
What is the greatest common divisor of 252 and 18537204?
84
Calculate the greatest common divisor of 170 and 4533611.
17
Calculate the highest common divisor of 2925 and 6191700.
75
What is the highest common factor of 724 and 921886395?
181
What is the greatest common divisor of 551916855 and 207?
207
What is the highest common divisor of 3125 and 17035?
5
Calculate the highest common factor of 100839591 and 9.
9
What is the highest common factor of 5047591 and 1585?
317
Calculate the highest common factor of 160100265 and 2145.
195
What is the highest common factor of 30 and 2919774840?
30
Calculate the great